alculate the remainder when f is divided by 17.
14
Suppose -35*z - 36 = -39*z. What is the remainder when z is divided by 4?
1
Let q = 44 + -43. What is the remainder when 26 is divided by (-50)/(-20)*(4/1)/q?
6
Suppose 38*b = 817 - 209. What is the remainder when 262 is divided by b?
6
Suppose 0 = -4*v + v + 12, 2*h - 126 = -4*v. Suppose 5*r + h - 160 = 0. Calculate the remainder when 60 is divided by r.
18
Let j = -591 + 606. What is the remainder when 163 is divided by j?
13
Let f(m) = 3*m - 4. Let g be f(2). Let w(y) = 3*y**3 - 3*y + 7. What is the remainder when w(g) is divided by 13?
12
Suppose 4*l - 178 = -2*v - 0*l, -109 = -v + 2*l. What is the remainder when v is divided by 10?
9
Suppose -3*h = -13*h + 30. Suppose -5*p = -h*a - 174 - 50, 3*p + 5*a = 114. What is the remainder when p is divided by (1 - -2)/(-6)*-22?
10
Suppose 12*s = 17 + 67. Calculate the remainder when 2/5 + (-53)/(-5) is divided by s.
4
Let r(w) = -w + 70. What is the remainder when 163 is divided by r(37)?
31
Let v = 96 - 72. Suppose 5*z - 20 = 4*h + v, 4*h - 20 = -3*z. What is the remainder when 46 is divided by z?
6
Let r = 31 + 24. Let v = r + -46. Calculate the remainder when 15 is divided by v.
6
Let o(g) = 4*g - 37. What is the remainder when 19 is divided by o(12)?
8
Let u(k) = 3*k**2 + 10*k + 15. Suppose 81 = 3*s + 2*s + o, 3*s - 2*o = 59. Calculate the remainder when u(-6) is divided by s.
12
Suppose -5*p + 135 = 5*i, 3*p - 5*i = 13 + 28. Let t be 1602/p + (-4)/(-22). Suppose -15 - t = -4*k. Calculate the remainder when 85 is divided by k.
19
Suppose 0 = 3*a, 11*v + 16 = 12*v + 4*a. Calculate the remainder when 236 is divided by v.
12
Let q be (-3)/6 - (-6)/12. Suppose q = -2*s - 3*i + 2*i + 21, 3*i + 67 = 4*s. What is the remainder when s is divided by 6/5*20/6?
1
Suppose -60*l - 12480 = -99*l. What is the remainder when l is divided by 6?
2
Suppose -10 - 40 = -5*h. Suppose 5*a = -4*b - 228, 0 = 7*b - 11*b + 2*a - 200. Let g = 80 + b. Calculate the remainder when g is divided by h.
8
Suppose -6*r = 5*l - 2*r - 30, -l + r = -6. Let h = 19 - l. What is the remainder when h is divided by 4?
1
Suppose 131*n = 115*n + 976. Calculate the remainder when (-242)/(2 - 4 - -1) is divided by n.
59
Suppose 397*l - 396*l - 19 = 0. Calculate the remainder when l is divided by 3.
1
Let r be 3*3/(-9)*-19. Suppose -21*v = -r*v - 18. What is the remainder when 17 is divided by v?
8
Let g = -3 - -17. Calculate the remainder when -4*(-1897)/140 - (-5)/(-25) is divided by g.
12
Let k(r) = -6*r + 2. Let d(v) = 25*v**2 - v + 1. Calculate the remainder when d(1) is divided by k(-2).
11
Suppose -4*y - 5*a + 22 = -72, 4 = -2*a. Let c = 8 - 2. Calculate the remainder when 429/y - (-2)/4 is divided by c.
5
Let n(g) = -2*g + 3. Let j be n(-1). Suppose 4*w = 16, -4*y - j*w = -115 - 85. What is the remainder when y is divided by 12?
9
Suppose 14*r = 10*r + 312. Calculate the remainder when r is divided by 22.
12
Let p be (-33)/(-9) - (-1)/3. Let r(b) = b**3 - 3*b**2 - 4*b + 2. Let j be r(p). Suppose -j*u + 47 = -21. What is the remainder when u is divided by 12?
10
Let o(q) = -q**3 + 12*q**2 + 6*q - 2. Let g be o(12). Let z = -47 + g. Calculate the remainder when z is divided by 6.
5
Suppose 0 = -6*q + 3*q + 66. Let t(m) = m**2 - 12*m + 7. Let n be t(11). What is the remainder when q is divided by n/2 + (13 - 5)?
4
Let k = 2901 - 2647. What is the remainder when k is divided by 129?
125
Let k = 19 - 14. Suppose 3*n = -0*n - k*b + 93, 37 = 2*n - 5*b. Suppose g + n = 2*g. What is the remainder when g is divided by 9?
8
What is the remainder when (-6)/4 + 19390/28 + -8 is divided by 36?
35
Suppose -1 = -5*x - 4*v - 2, 5*v + 35 = 5*x. Calculate the remainder when 8/(-4) + x - -9 is divided by 3.
1
Suppose -3*p - 3 = 0, a + 5 = -3*a - 5*p. Suppose a = -3*f - 87 + 351. Let c = f - 45. What is the remainder when c is divided by 23?
20
Let y be 84/(-15) + (-2)/5. Let m = 543 + y. Calculate the remainder when m/15 + (-3)/(-15) is divided by 13.
10
Suppose -u - 204 = -4*u. Let d be (-24)/16*7/(14/4). Calculate the remainder when u is divided by (-279)/(-12) - (d/(-12))/1.
22
Calculate the remainder when 992/(-48)*(-6)/4 is divided by ((-8)/5)/((-24)/(-5) - 5).
7
Suppose -j + b = -4*b - 188, 4*j = -4*b + 848. Suppose j = -2*n + 15*n. Calculate the remainder when n is divided by 6.
4
Let b(v) = 4*v + 3. Let n = -218 - -370. What is the remainder when n is divided by b(2)?
9
What is the remainder when 9 is divided by 8/10*(-12)/48*-5?
0
Suppose z + 6*s = 8*s + 918, 3*z = 2*s + 2770. Calculate the remainder when z is divided by 30.
26
Let q(z) = -3*z**2 + 36*z - 3. Calculate the remainder when 395 is divided by q(10).
53
Suppose l + 4*h = -43, 3*h - 30 = 5*l + 162. Let n = -36 - l. Calculate the remainder when 7 is divided by n.
1
Let l = -10 + 17. Let d(b) = b + 3. What is the remainder when 39 is divided by d(l)?
9
Let s = 233 - 218. Let n = -21 - -50. What is the remainder when n is divided by s?
14
Let v(u) = 4*u + 9. Let n be -1 - (7/21)/((-1)/12). Calculate the remainder when v(n) is divided by 6.
3
Suppose 2*q - 4*q = -l + 7, 5*l - 5 = -5*q. What is the remainder when 4 is divided by ((-8)/8 - -5) + q + 1?
1
Suppose -52812 = 21*t - 75*t. What is the remainder when t is divided by 164?
158
Let q = -874 + 955. What is the remainder when q is divided by 17?
13
Let p(o) = -o**2 + 5*o + 29. Calculate the remainder when 59 is divided by p(7).
14
What is the remainder when ((-1170)/(-21))/((-24)/(-84)) is divided by 22?
19
Let p(n) be the second derivative of -n**3 + 3*n**2 - 7*n. Calculate the remainder when 106 is divided by p(-5).
34
Suppose 2*v - 918 = -5*d, 5*v - 4*d + 0*d - 2295 = 0. Calculate the remainder when v is divided by 14.
11
Let p = 22 - 14. Suppose -3*y = p*y - 121. What is the remainder when 130 is divided by y?
9
Suppose 2*k - 5*r - 265 = 4*k, r = k + 136. Let u = k + 150. What is the remainder when 43 is divided by u?
13
Let t(m) = m**2 + 3*m - 17. Let r be t(-6). What is the remainder when 43 is divided by (-11 + 10)*(-24 + r)?
20
Suppose -o + 378 = 5*o. Suppose 28*w - o = 25*w. What is the remainder when w is divided by 8?
5
Let m = -344 + 366. Calculate the remainder when 239 is divided by m.
19
Let r = 1 - -12. Suppose 3*x - 177 = -5*f, 10*f - 7*f = -3*x + 105. What is the remainder when f is divided by r?
10
Let f be 3 - (-4 - (3 - 2)). Let u be 105/(-12) - 2/f. Calculate the remainder when 1 is divided by ((-18)/4)/u*2.
0
Let i = -8288 - -8293. Calculate the remainder when i is divided by 1/(2/8*2).
1
Let m(f) = -f**3 + 5*f**2 + 9*f - 5. Let c be 4*2/8*-2. Let s be (-19)/(-3) + c/6. Calculate the remainder when 24 is divided by m(s).
11
Let l(p) = 13*p - 579. What is the remainder when 317 is divided by l(46)?
13
Suppose -q = 2*q - 12. Suppose -5*g = 4*w - 41, -w + 26 = -q*g - 0. What is the remainder when 26 is divided by w?
12
Let x(y) = y**2 - 16*y + 82. Calculate the remainder when x(14) is divided by 21.
12
Suppose 0 = -5*u + 34 - 14. Suppose -s - 32 = -5*b + 59, 2*s = -3*b + 65. What is the remainder when b is divided by u?
3
Suppose 12*r + 4*r - 96 = 0. Let x(w) = -w**3 - w + 11. Let y be (6/(-2))/(-3) + -1. Calculate the remainder when x(y) is divided by r.
5
What is the remainder when ((-22)/6)/((-10)/90) is divided by 26?
7
Let z = 4 - -1. Let o(n) = -n**2 - 62*n + 278. What is the remainder when o(-66) is divided by z?
4
Let c = -32 - -54. Let w(r) = 2*r**2 - 3*r + 5. Let j be w(0). Suppose y + 5*o - 85 = 0, j*y - 425 = 5*o - 0*o. Calculate the remainder when y is divided by c.
19
Suppose 736 = -53*c + 76*c. Let m(u) = u**2 - u + u - 7 + 2*u. What is the remainder when c is divided by m(-6)?
15
Calculate the remainder when 13 is divided by 6/(-21)*(-7 - (-105)/(-10)).
3
Let k be 254/(-10) + 6/15. Let n = k - -49. Suppose -2*o - 52 = -u, -u + 36 = 3*o - 1. Calculate the remainder when u is divided by n.
22
Suppose -5*j + 0 = x - 5, 4*x + 80 = 5*j. Let p = 32 + x. What is the remainder when p is divided by 6?
5
Calculate the remainder when 62 is divided by (0 + 4)/(-2) + (19 - 1).
14
Suppose -110 = 8*m - 318. What is the remainder when ((-4)/(-6))/((-1)/(-75)) is divided by m?
24
Let q = 16 - 11. Let l(g) = -g**2 + 5*g + 5. Let c be l(q). Suppose 2*x + 21 = c*x